{"id":3969,"date":"2009-05-05T10:36:19","date_gmt":"2009-05-05T16:36:19","guid":{"rendered":"http:\/\/sites.la.utexas.edu\/persian_online_resources\/vocabularly-lists\/personal-questions\/"},"modified":"2009-05-12T09:53:38","modified_gmt":"2009-05-12T15:53:38","slug":"personal-questions","status":"publish","type":"page","link":"https:\/\/sites.la.utexas.edu\/persian_online_resources\/vocabulary-lists\/personal-questions\/","title":{"rendered":"Personal Questions List"},"content":{"rendered":"<p>Click play to hear a list of all the words on this page in a sequence. Listen, follow along with the Persian, try to pronounce them, and memorize them.<\/p>\n<script src=\"\/\/cdn.la.utexas.edu\/jwplayer\/jwplayer-7.10.1\/jwplayer.js\" ><\/script><script>jwplayer.key=\"axpMLPIjkQ+YPUQnxi1VcSuBHeVYrqIgAyJl6hhEY5k=\";<\/script><div id=\"audio\">Loading the player...<\/div><script type=\"text\/javascript\">  var playerInstance = jwplayer(\"audio\");  playerInstance.setup({    file: \"\/wp-content\/themes\/persian_online_e1\/sounds\/personal_questions.mp3\",    width: 640,    height: 40  });<\/script>\n<h3><span class=\"persian_script\">\u0633\u0648\u0627\u0644\u0627\u062a \u0634\u062e\u0635\u06cc \u0648 \u06a9\u0644\u0645\u0627\u062a \u067e\u0631\u0633\u0634\u06cc <\/span><\/h3>\n<table class=\"border\" border=\"0\" cellpadding=\"15\" width=\"450\">\n<tbody>\n<tr>\n<td>What is your favorite pastime?<\/td>\n<td><em> sargarm\u012b-e mored-e<br \/>\nal\u0101qe-ye shom\u0101 ch\u012bye? <\/em><\/td>\n<td bgcolor=\"#dfffe7\">\n<h4>\u0633\u0631\u06af\u0631\u0645\u06cc \u0645\u0648\u0631\u062f \u0639\u0644\u0627\u0642\u0647 \u0634\u0645\u0627 \u0686\u06cc\u0647\u061f<\/h4>\n<\/td>\n<\/tr>\n<tr>\n<td>What is your telephone\/cell phone number?<\/td>\n<td><em> shom\u0101re telephon\/<br \/>\ntelephon-e hamr\u0101h-e shom\u0101 chande? <\/em><\/td>\n<td bgcolor=\"#dfffe7\">\n<h4>\u0634\u0645\u0627\u0631\u0647 \u062a\u0644\u0641\u0646\/\u062a\u0644\u0641\u0646 \u0647\u0645\u0631\u0627\u0647 \u0634\u0645\u0627 \u0686\u0646\u062f\u0647\u061f<\/h4>\n<\/td>\n<\/tr>\n<tr>\n<td>What grade are you in?<\/td>\n<td><em> kel\u0101s-e chandom\u012b? <\/em><\/td>\n<td bgcolor=\"#dfffe7\">\n<h4>\u06a9\u0644\u0627\u0633 \u0686\u0646\u062f\u0645\u06cc\u061f<\/h4>\n<\/td>\n<\/tr>\n<tr>\n<td>How do you spell your last name?<\/td>\n<td><em> f\u0101m\u012bl-e shom\u0101 r\u0101 chetor\u012b m\u012bnev\u012bsand?<\/em><\/td>\n<td bgcolor=\"#dfffe7\">\n<h4>\u0641\u0627\u0645\u06cc\u0644 \u0634\u0645\u0627 \u0631\u0627 \u0686\u0637\u0648\u0631\u06cc \u0645\u06cc \u0646\u0648\u06cc\u0633\u0646\u062f\u061f<\/h4>\n<\/td>\n<\/tr>\n<tr>\n<td>How many siblings do you have?<\/td>\n<td><em> chand t\u0101 kh\u0101har v\u0101 bar\u0101dar d\u0101r\u012bd?<\/em><\/td>\n<td bgcolor=\"#dfffe7\">\n<h4>\u0686\u0646\u062f \u062a\u0627 \u062e\u0648\u0627\u0647\u0631 \u0648 \u0628\u0631\u0627\u062f\u0631 \u062f\u0627\u0631\u06cc\u062f\u061f<\/h4>\n<\/td>\n<\/tr>\n<tr>\n<td>Where?<\/td>\n<td><em>koj\u0101? <\/em><\/td>\n<td bgcolor=\"#dfffe7\">\n<h4>\u06a9\u062c\u0627\u061f<\/h4>\n<\/td>\n<\/tr>\n<tr>\n<td>When?<\/td>\n<td><em>kay? <\/em><\/td>\n<td bgcolor=\"#dfffe7\">\n<h4>\u06a9\u0650\u06cc\u061f<\/h4>\n<\/td>\n<\/tr>\n<tr>\n<td>Who? What?<\/td>\n<td><em>che kas\u012b?\/ k\u012b che? <\/em><\/td>\n<td bgcolor=\"#dfffe7\">\n<h4>\u0686\u0647 \u06a9\u0633\u06cc\u061f\/ \u06a9\u06cc\u061f \u0686\u0647\u061f<\/h4>\n<\/td>\n<\/tr>\n<tr>\n<td>How?<\/td>\n<td><em> chegone?<\/em><\/td>\n<td bgcolor=\"#dfffe7\">\n<h4>\u0686\u06af\u0648\u0646\u0647\u061f<\/h4>\n<\/td>\n<\/tr>\n<tr>\n<td>Which?<\/td>\n<td><em> kod\u0101m? <\/em><\/td>\n<td bgcolor=\"#dfffe7\">\n<h4>\u06a9\u062f\u0627\u0645\u061f<\/h4>\n<\/td>\n<\/tr>\n<tr>\n<td>Why?<\/td>\n<td><em> cher\u0101? <\/em><\/td>\n<td bgcolor=\"#dfffe7\">\n<h4>\u0686\u0631\u0627\u061f<\/h4>\n<\/td>\n<\/tr>\n<tr>\n<td>How many?<\/td>\n<td><em> chand t\u0101? <\/em><\/td>\n<td bgcolor=\"#dfffe7\">\n<h4>\u0686\u0646\u062f \u062a\u0627\u061f<\/h4>\n<\/td>\n<\/tr>\n<\/tbody>\n<\/table>\n","protected":false},"excerpt":{"rendered":"<p>Click play to hear a list of all the words on this page in a sequence. Listen, follow along with the Persian, try to pronounce them, and memorize them. \u0633\u0648\u0627\u0644\u0627\u062a \u0634\u062e\u0635\u06cc \u0648 \u06a9\u0644\u0645\u0627\u062a \u067e\u0631\u0633\u0634\u06cc What is your favorite pastime? sargarm\u012b-e mored-e al\u0101qe-ye shom\u0101 ch\u012bye? \u0633\u0631\u06af\u0631\u0645\u06cc \u0645\u0648\u0631\u062f \u0639\u0644\u0627\u0642\u0647 \u0634\u0645\u0627 \u0686\u06cc\u0647\u061f What is your telephone\/cell phone number? [&hellip;]<\/p>\n","protected":false},"author":289,"featured_media":0,"parent":3931,"menu_order":6,"comment_status":"closed","ping_status":"closed","template":"","meta":{"footnotes":""},"class_list":["post-3969","page","type-page","status-publish","hentry"],"_links":{"self":[{"href":"https:\/\/sites.la.utexas.edu\/persian_online_resources\/wp-json\/wp\/v2\/pages\/3969","targetHints":{"allow":["GET"]}}],"collection":[{"href":"https:\/\/sites.la.utexas.edu\/persian_online_resources\/wp-json\/wp\/v2\/pages"}],"about":[{"href":"https:\/\/sites.la.utexas.edu\/persian_online_resources\/wp-json\/wp\/v2\/types\/page"}],"author":[{"embeddable":true,"href":"https:\/\/sites.la.utexas.edu\/persian_online_resources\/wp-json\/wp\/v2\/users\/289"}],"replies":[{"embeddable":true,"href":"https:\/\/sites.la.utexas.edu\/persian_online_resources\/wp-json\/wp\/v2\/comments?post=3969"}],"version-history":[{"count":4,"href":"https:\/\/sites.la.utexas.edu\/persian_online_resources\/wp-json\/wp\/v2\/pages\/3969\/revisions"}],"predecessor-version":[{"id":4340,"href":"https:\/\/sites.la.utexas.edu\/persian_online_resources\/wp-json\/wp\/v2\/pages\/3969\/revisions\/4340"}],"up":[{"embeddable":true,"href":"https:\/\/sites.la.utexas.edu\/persian_online_resources\/wp-json\/wp\/v2\/pages\/3931"}],"wp:attachment":[{"href":"https:\/\/sites.la.utexas.edu\/persian_online_resources\/wp-json\/wp\/v2\/media?parent=3969"}],"curies":[{"name":"wp","href":"https:\/\/api.w.org\/{rel}","templated":true}]}}