{"id":3990,"date":"2009-05-05T12:52:28","date_gmt":"2009-05-05T18:52:28","guid":{"rendered":"http:\/\/sites.la.utexas.edu\/persian_online_resources\/vocabularly-lists\/fruits\/"},"modified":"2011-11-07T14:52:02","modified_gmt":"2011-11-07T20:52:02","slug":"fruits","status":"publish","type":"page","link":"https:\/\/sites.la.utexas.edu\/persian_online_resources\/vocabulary-lists\/fruits\/","title":{"rendered":"Fruits List"},"content":{"rendered":"<p>Click play to hear a list of all the words on this page in a sequence. Listen, follow along with the Persian, try to pronounce them, and memorize them.<\/p>\n<script src=\"\/\/cdn.la.utexas.edu\/jwplayer\/jwplayer-7.10.1\/jwplayer.js\" ><\/script><script>jwplayer.key=\"axpMLPIjkQ+YPUQnxi1VcSuBHeVYrqIgAyJl6hhEY5k=\";<\/script><div id=\"audio\">Loading the player...<\/div><script type=\"text\/javascript\">  var playerInstance = jwplayer(\"audio\");  playerInstance.setup({    file: \"\/wp-content\/themes\/persian_online_e1\/sounds\/fruits.mp3\",    width: 640,    height: 40  });<\/script>\n<h3>\u0645\u06cc\u0648\u0647 \u0647\u0627<\/h3>\n<table class=\"border\" width=\"70%\" border=\"0\" cellspacing=\"0\">\n<tbody>\n<tr valign=\"top\">\n<td align=\"center\" width=\"25%\"><a name=\"0.1.1_graphic1A\"><\/a><span> <img loading=\"lazy\" decoding=\"async\" src=\"http:\/\/sites.la.utexas.edu\/wp-content\/themes\/persian_online_resources\/content_images\/mango.jpg\" alt=\"Your browser may not support display of this image.\" width=\"125\" height=\"131\" \/> <\/span><\/p>\n<p align=\"center\">\u0627\u0646\u0628\u0647<br \/>\n<em> anbe<br \/>\n<\/em> \u2018mango\u2019<\/p>\n<\/td>\n<td align=\"center\" width=\"25%\"><a name=\"0.1.1_graphic1B\"><\/a><span> <img loading=\"lazy\" decoding=\"async\" src=\"http:\/\/sites.la.utexas.edu\/wp-content\/themes\/persian_online_resources\/content_images\/pomegranate.jpg\" alt=\"Your browser may not support display of this image.\" width=\"125\" height=\"131\" \/> <\/span><\/p>\n<p align=\"center\"><span>\u0627\u0646\u0627\u0631<br \/>\n<em> an\u0101r<br \/>\n<\/em> \u2018pomegranate\u2019<\/span><\/p>\n<\/td>\n<td align=\"center\" width=\"25%\"><a name=\"0.1.1_graphic1C\"><\/a><span> <img loading=\"lazy\" decoding=\"async\" src=\"http:\/\/sites.la.utexas.edu\/wp-content\/themes\/persian_online_resources\/content_images\/pineapple.jpg\" alt=\"Your browser may not support display of this image.\" width=\"125\" height=\"131\" \/> <\/span><\/p>\n<p align=\"center\"><span>\u0622\u0646\u0627\u0646\u0627\u0633<br \/>\n<em> \u0101n\u0101n\u0101s<br \/>\n<\/em> \u2018pineapple\u2019<\/span><\/p>\n<\/td>\n<td align=\"center\" width=\"25%\"><a name=\"0.1.1_graphic1D\"><\/a><span> <img loading=\"lazy\" decoding=\"async\" src=\"http:\/\/sites.la.utexas.edu\/wp-content\/themes\/persian_online_resources\/content_images\/sour_cherry.jpg\" alt=\"Your browser may not support display of this image.\" width=\"125\" height=\"131\" \/> <\/span><\/p>\n<p align=\"center\"><span>\u0622\u0644\u0628\u0627\u0644\u0648<br \/>\n<em> \u0101lb\u0101l\u016b<br \/>\n<\/em> \u2018sour cherry\u2019<\/span><\/p>\n<\/td>\n<\/tr>\n<tr valign=\"top\">\n<td align=\"center\"><a name=\"0.1.1_graphic1E\"><\/a><span> <img loading=\"lazy\" decoding=\"async\" src=\"http:\/\/sites.la.utexas.edu\/wp-content\/themes\/persian_online_resources\/content_images\/raspberry.jpg\" alt=\"Your browser may not support display of this image.\" width=\"125\" height=\"131\" \/> <\/span><\/p>\n<p align=\"center\"><span>\u062a\u0645\u0634\u06a9<br \/>\n<em> tameshk<br \/>\n<\/em> \u2018raspberry\u2019<\/span><\/p>\n<\/td>\n<td align=\"center\"><a name=\"0.1.1_graphic1F\"><\/a><span> <img loading=\"lazy\" decoding=\"async\" src=\"http:\/\/sites.la.utexas.edu\/wp-content\/themes\/persian_online_resources\/content_images\/orange.jpg\" alt=\"Your browser may not support display of this image.\" width=\"125\" height=\"131\" \/> <\/span><\/p>\n<p align=\"center\"><span>\u067e\u0631\u062a\u0642\u0627\u0644<br \/>\n<em> porteq\u0101l<br \/>\n<\/em> \u2018orange\u2019<\/span><\/p>\n<\/td>\n<td align=\"center\"><a name=\"0.1.1_graphic20\"><\/a><span> <img loading=\"lazy\" decoding=\"async\" src=\"http:\/\/sites.la.utexas.edu\/wp-content\/themes\/persian_online_resources\/content_images\/quince.jpg\" alt=\"Your browser may not support display of this image.\" width=\"125\" height=\"131\" \/> <\/span><\/p>\n<p align=\"center\"><span>\u0628\u0647<br \/>\n<em> beh<br \/>\n<\/em> \u2018qu\u012bnce\u2019<\/span><\/p>\n<\/td>\n<td align=\"center\"><a name=\"0.1.1_graphic21\"><\/a><span> <img loading=\"lazy\" decoding=\"async\" src=\"http:\/\/sites.la.utexas.edu\/wp-content\/themes\/persian_online_resources\/content_images\/grape.jpg\" alt=\"Your browser may not support display of this image.\" width=\"125\" height=\"131\" \/> <\/span><\/p>\n<p align=\"center\"><span>\u0627\u0646\u06af\u0648\u0631<br \/>\n<em><\/em><\/span><\/p>\n<p><span><em> ang\u016br<br \/>\n<\/em> \u2018grape\u2019<\/span><\/td>\n<\/tr>\n<tr valign=\"top\">\n<td align=\"center\"><a name=\"0.1.1_graphic22\"><\/a><span> <img loading=\"lazy\" decoding=\"async\" src=\"http:\/\/sites.la.utexas.edu\/wp-content\/themes\/persian_online_resources\/content_images\/apricot.jpg\" alt=\"Your browser may not support display of this image.\" width=\"125\" height=\"131\" \/> <\/span><\/p>\n<p align=\"center\"><span>\u0632\u0631\u062f\u0622\u0644\u0648<br \/>\n<em> zard\u0101l\u016b<br \/>\n<\/em> \u2018apricot<br \/>\n\u2019<\/span><\/p>\n<\/td>\n<td align=\"center\"><a name=\"0.1.1_graphic23\"><\/a><span> <img loading=\"lazy\" decoding=\"async\" src=\"http:\/\/sites.la.utexas.edu\/wp-content\/themes\/persian_online_resources\/content_images\/cantaloupe.jpg\" alt=\"Your browser may not support display of this image.\" width=\"125\" height=\"131\" \/> <\/span><\/p>\n<p align=\"center\"><span>\u062e\u0631\u0628\u0632\u0647<br \/>\n<em> kharboze<br \/>\n<\/em>\u2018melon\u2019<\/span><\/p>\n<\/td>\n<td align=\"center\"><a name=\"0.1.1_graphic24\"><\/a><span> <img loading=\"lazy\" decoding=\"async\" src=\"http:\/\/sites.la.utexas.edu\/wp-content\/themes\/persian_online_resources\/content_images\/strawberry.jpg\" alt=\"Your browser may not support display of this image.\" width=\"125\" height=\"131\" \/> <\/span><\/p>\n<p align=\"center\"><span>\u062a\u0648\u062a \u0641\u0631\u0646\u06af\u06cc<br \/>\n<em> t\u016btfarang\u012b<br \/>\n<\/em> \u2018strawberry\u2019<\/span><\/p>\n<\/td>\n<td align=\"center\"><a name=\"0.1.1_graphic25\"><\/a><span> <img loading=\"lazy\" decoding=\"async\" src=\"http:\/\/sites.la.utexas.edu\/wp-content\/themes\/persian_online_resources\/content_images\/mulberry.jpg\" alt=\"Your browser may not support display of this image.\" width=\"128\" height=\"134\" \/> <\/span><\/p>\n<p align=\"center\"><span>\u062a\u0648\u062a<br \/>\n<em> t\u016bt<br \/>\n<\/em>\u2018berry, mulberry\u2019<\/span><\/p>\n<\/td>\n<\/tr>\n<tr valign=\"top\">\n<td align=\"center\"><a name=\"0.1.1_graphic26\"><\/a><span> <img loading=\"lazy\" decoding=\"async\" src=\"http:\/\/sites.la.utexas.edu\/wp-content\/themes\/persian_online_resources\/content_images\/nectarine.jpg\" alt=\"Your browser may not support display of this image.\" width=\"125\" height=\"131\" \/> <\/span><\/p>\n<p align=\"center\"><span>\u0634\u0644\u06cc\u0644<br \/>\n<em> shal\u012bl<br \/>\n<\/em> \u2018nectarine\u2019<\/span><\/p>\n<\/td>\n<td align=\"center\"><a name=\"0.1.1_graphic27\"><\/a><span> <img loading=\"lazy\" decoding=\"async\" src=\"http:\/\/sites.la.utexas.edu\/wp-content\/themes\/persian_online_resources\/content_images\/blackberry.jpg\" alt=\"Your browser may not support display of this image.\" width=\"125\" height=\"131\" \/> <\/span><\/p>\n<p align=\"center\"><span>\u0634\u0627\u0647 \u062a\u0648\u062a<br \/>\n<em><\/em><\/span><\/p>\n<p><span><em> sh\u0101ht\u016bt<br \/>\n<\/em> \u2018blackberry\u2019<\/span><\/td>\n<td align=\"center\"><a name=\"0.1.1_graphic28\"><\/a><span><strong> <img loading=\"lazy\" decoding=\"async\" src=\"http:\/\/sites.la.utexas.edu\/wp-content\/themes\/persian_online_resources\/content_images\/apple.jpg\" alt=\"Your browser may not support display of this image.\" width=\"125\" height=\"131\" \/> <\/strong><\/span><\/p>\n<p align=\"center\"><span>\u0633\u06cc\u0628<br \/>\n<em> s\u012bb<br \/>\n<\/em> \u2018apple\u2019<\/span><\/p>\n<\/td>\n<td align=\"center\"><a name=\"0.1.1_graphic29\"><\/a><span> <img loading=\"lazy\" decoding=\"async\" src=\"http:\/\/sites.la.utexas.edu\/wp-content\/themes\/persian_online_resources\/content_images\/currant.jpg\" alt=\"Your browser may not support display of this image.\" width=\"125\" height=\"131\" \/> <\/span><\/p>\n<p align=\"center\"><span>\u0632\u0631\u0634\u06a9<br \/>\n<em> zereshk<br \/>\n<\/em> \u2018barberry\u2019<\/span><\/p>\n<\/td>\n<\/tr>\n<tr valign=\"top\">\n<td align=\"center\"><a name=\"0.1.1_graphic2A\"><\/a><span> <img loading=\"lazy\" decoding=\"async\" src=\"http:\/\/sites.la.utexas.edu\/wp-content\/themes\/persian_online_resources\/content_images\/banana.jpg\" alt=\"Your browser may not support display of this image.\" width=\"125\" height=\"131\" \/> <\/span><\/p>\n<p align=\"center\"><span>\u0645\u0648\u0632<br \/>\n<em> moz<br \/>\n<\/em>\u2018banana\u2019<\/span><\/p>\n<\/td>\n<td align=\"center\"><a name=\"0.1.1_graphic2B\"><\/a><span> <img loading=\"lazy\" decoding=\"async\" src=\"http:\/\/sites.la.utexas.edu\/wp-content\/themes\/persian_online_resources\/content_images\/cherry.jpg\" alt=\"Your browser may not support display of this image.\" width=\"125\" height=\"131\" \/> <\/span><\/p>\n<p align=\"center\"><span>\u06af\u06cc\u0644\u0627\u0633<br \/>\n<em> g\u012bl\u0101s<br \/>\n<\/em> \u2018cherry\u2019<\/span><\/p>\n<\/td>\n<td align=\"center\"><a name=\"0.1.1_graphic2C\"><\/a><span> <img loading=\"lazy\" decoding=\"async\" src=\"http:\/\/sites.la.utexas.edu\/wp-content\/themes\/persian_online_resources\/content_images\/plum.jpg\" alt=\"Your browser may not support display of this image.\" width=\"125\" height=\"131\" \/> <\/span><\/p>\n<p align=\"center\"><span>\u0622\u0644\u0648<br \/>\n<em> \u0101l\u016b<br \/>\n<\/em> \u2018plum\u2019<\/span><\/p>\n<\/td>\n<td align=\"center\"><a name=\"0.1.1_graphic2D\"><\/a><span> <img loading=\"lazy\" decoding=\"async\" src=\"http:\/\/sites.la.utexas.edu\/wp-content\/themes\/persian_online_resources\/content_images\/pear.jpg\" alt=\"Your browser may not support display of this image.\" width=\"125\" height=\"131\" \/> <\/span><\/p>\n<p align=\"center\"><span>\u06af\u0644\u0627\u0628\u06cc<br \/>\n<em> gol\u0101b\u012b<br \/>\n<\/em> \u2018pear\u2019<\/span><\/p>\n<\/td>\n<\/tr>\n<tr valign=\"top\">\n<td align=\"center\"><\/td>\n<td align=\"center\"><a name=\"0.1.1_graphic2E\"><\/a><span> <img loading=\"lazy\" decoding=\"async\" src=\"http:\/\/sites.la.utexas.edu\/wp-content\/themes\/persian_online_resources\/content_images\/watermelon.jpg\" alt=\"Your browser may not support display of this image.\" width=\"125\" height=\"131\" \/> <\/span><\/p>\n<p align=\"center\"><span>\u0647\u0646\u062f\u0648\u0627\u0646\u0647<br \/>\n<em> hendav\u0101ne<br \/>\n<\/em> \u2018watermelon\u2019<\/span><\/p>\n<\/td>\n<td align=\"center\"><a name=\"0.1.1_graphic2F\"><\/a><span> <img loading=\"lazy\" decoding=\"async\" src=\"http:\/\/sites.la.utexas.edu\/wp-content\/themes\/persian_online_resources\/content_images\/peach.jpg\" alt=\"Your browser may not support display of this image.\" width=\"125\" height=\"131\" \/> <\/span><\/p>\n<p align=\"center\"><span>\u0647\u0644\u0648<br \/>\n<em> hol\u016b<br \/>\n<\/em>\u2018peach\u2019<\/span><\/p>\n<\/td>\n<td align=\"center\"><a name=\"0.1.1_graphic30\"><\/a><span> <img loading=\"lazy\" decoding=\"async\" src=\"http:\/\/sites.la.utexas.edu\/wp-content\/themes\/persian_online_resources\/content_images\/tangerine.jpg\" alt=\"Your browser may not support display of this image.\" width=\"125\" height=\"131\" \/> <\/span><\/p>\n<p align=\"center\"><span>\u0646\u0627\u0631\u0646\u06af\u06cc<br \/>\n<em> n\u0101rang\u012b<br \/>\n<\/em> \u2018tangerine\u2019<\/span><\/p>\n<\/td>\n<\/tr>\n<\/tbody>\n<\/table>\n","protected":false},"excerpt":{"rendered":"<p>Click play to hear a list of all the words on this page in a sequence. Listen, follow along with the Persian, try to pronounce them, and memorize them. \u0645\u06cc\u0648\u0647 \u0647\u0627 \u0627\u0646\u0628\u0647 anbe \u2018mango\u2019 \u0627\u0646\u0627\u0631 an\u0101r \u2018pomegranate\u2019 \u0622\u0646\u0627\u0646\u0627\u0633 \u0101n\u0101n\u0101s \u2018pineapple\u2019 \u0622\u0644\u0628\u0627\u0644\u0648 \u0101lb\u0101l\u016b \u2018sour cherry\u2019 \u062a\u0645\u0634\u06a9 tameshk \u2018raspberry\u2019 \u067e\u0631\u062a\u0642\u0627\u0644 porteq\u0101l \u2018orange\u2019 \u0628\u0647 beh \u2018qu\u012bnce\u2019 \u0627\u0646\u06af\u0648\u0631 ang\u016br [&hellip;]<\/p>\n","protected":false},"author":289,"featured_media":0,"parent":3931,"menu_order":14,"comment_status":"closed","ping_status":"closed","template":"","meta":{"footnotes":""},"class_list":["post-3990","page","type-page","status-publish","hentry"],"_links":{"self":[{"href":"https:\/\/sites.la.utexas.edu\/persian_online_resources\/wp-json\/wp\/v2\/pages\/3990","targetHints":{"allow":["GET"]}}],"collection":[{"href":"https:\/\/sites.la.utexas.edu\/persian_online_resources\/wp-json\/wp\/v2\/pages"}],"about":[{"href":"https:\/\/sites.la.utexas.edu\/persian_online_resources\/wp-json\/wp\/v2\/types\/page"}],"author":[{"embeddable":true,"href":"https:\/\/sites.la.utexas.edu\/persian_online_resources\/wp-json\/wp\/v2\/users\/289"}],"replies":[{"embeddable":true,"href":"https:\/\/sites.la.utexas.edu\/persian_online_resources\/wp-json\/wp\/v2\/comments?post=3990"}],"version-history":[{"count":10,"href":"https:\/\/sites.la.utexas.edu\/persian_online_resources\/wp-json\/wp\/v2\/pages\/3990\/revisions"}],"predecessor-version":[{"id":4503,"href":"https:\/\/sites.la.utexas.edu\/persian_online_resources\/wp-json\/wp\/v2\/pages\/3990\/revisions\/4503"}],"up":[{"embeddable":true,"href":"https:\/\/sites.la.utexas.edu\/persian_online_resources\/wp-json\/wp\/v2\/pages\/3931"}],"wp:attachment":[{"href":"https:\/\/sites.la.utexas.edu\/persian_online_resources\/wp-json\/wp\/v2\/media?parent=3990"}],"curies":[{"name":"wp","href":"https:\/\/api.w.org\/{rel}","templated":true}]}}